visor of 20 and o?
10
Let w be 288/21*(-14)/(-4). What is the highest common divisor of 32 and w?
16
Suppose b = -18 + 150. What is the greatest common divisor of 24 and b?
12
Suppose 7*a = 985 - 103. What is the greatest common divisor of a and 63?
63
Suppose 207 = 6*x + 69. Suppose 19*a = 16*a + 621. What is the highest common divisor of a and x?
23
Let s = 373 + -345. What is the highest common divisor of 70 and s?
14
Suppose 0 = 3*a + 2*a - 60. Suppose 3*i = -y + 8*i + 4, -8 = -2*i. What is the highest common factor of y and a?
12
Suppose 1980 = -2*x - 3*x. Let m be x/(-60) - (-3)/(-5). Suppose 4*o + 252 = m*o. Calculate the greatest common factor of o and 14.
14
Suppose 0*r + r + 3*t - 12 = 0, r - t + 4 = 0. Suppose -x + r*o + o = -144, -5*x = -o - 704. What is the greatest common divisor of x and 28?
28
Let o = 75 + 38. Suppose -4*p + 87 = -o. What is the highest common divisor of p and 25?
25
Let v be 87/696 + (-92)/(-32). Suppose -m + 2*j - 3 = 0, -4*m + 3*j + 24 = 7*j. Calculate the greatest common divisor of m and v.
3
Suppose -l - 2*l = o, 5*l = 0. Suppose 0 = -2*i + 5*x + 24, o = 2*i + 2*x - 6*x - 20. Suppose -30 = -i*f + 8. Calculate the highest common factor of f and 76.
19
Let h be (30/20)/(18/624). Calculate the greatest common divisor of 78 and h.
26
Let t(b) = 13*b - 7. Let q be t(2). Let i = 21 + q. Let y = i + -21. Calculate the highest common factor of y and 76.
19
Let c(t) = t**3 - 9*t**2 + 14*t + 5. Let d be c(7). Suppose 0 = 2*m - 2*l - 86, -5*l = m - 2*m + 35. Calculate the greatest common factor of d and m.
5
Suppose -w - 5*u - 61 + 89 = 0, 17 = 4*w + u. What is the greatest common divisor of w and 123?
3
Let u be 18/(-24) - 22/(-8). Let g = u + 3. Suppose -g*w + 123 = -97. Calculate the greatest common factor of w and 66.
22
Suppose 7 = -3*v + 19. Let d = 2 - 0. Let m be (-1)/(d*(-2)/176). Calculate the greatest common factor of v and m.
4
Let v be 4 - (-126 - (-4 + 4)). Let g(u) = -3*u**3 - 3*u**2 + 1. Let k be g(-2). Calculate the greatest common divisor of k and v.
13
Suppose 4*s - 6*s + 2 = 0. Suppose -9 = p + 2*u, -p + 4 = -2*u + s. Let y(x) = -7*x - 1. Let g be y(p). Calculate the highest common divisor of g and 4.
4
Suppose -5*l = 3*t - 468, 29*t - 24*t = -5*l + 460. Suppose 0*k = k - 24. Calculate the greatest common factor of k and l.
24
Let v(t) = t**3 - 9*t**2 + 5. Let g be v(9). Suppose b + b - 41 = w, -b - 7 = g*w. What is the highest common factor of 198 and b?
18
Let x be 432/12 + (0 - 2). Suppose 7*a = 8*a - x. What is the greatest common divisor of 51 and a?
17
Let x be 4*(30/(-8))/(-5). Let n = 1 + x. Suppose 0 = n*r - 66 - 18. Calculate the greatest common divisor of r and 231.
21
Suppose -12*f = 6*f - 3600. Calculate the greatest common factor of f and 25.
25
Let w = 44 + -23. Suppose -2*f = 2*r + 2, 2 = -3*r - f + 5. Suppose -r*q + 72 = 5*g - 0*q, 0 = g + 5*q - 19. Calculate the highest common factor of w and g.
7
Suppose -3*c + 8 = 2. Suppose 4*z - 3*v = 100, -5*z + 0*v + c*v + 132 = 0. What is the highest common factor of z and 42?
14
Let b(n) = n**2 + 16*n - 24. Let y be b(-18). What is the greatest common factor of y and 48?
12
Let y(m) = 83*m + 11. Let o be y(8). Let q = o + -435. Suppose -30 = 5*b - q. What is the highest common factor of b and 21?
21
Let q = 657 - 543. Calculate the greatest common divisor of q and 12.
6
Let p = -259 - -329. Calculate the highest common factor of p and 30.
10
Let g be 5/(1*(-3)/(-45)). Let d = -24 + 27. Let f be d/(-12) + 605/20. Calculate the highest common factor of f and g.
15
Let w = 33 - 28. Suppose -2*f + 7*f - 5*h = 220, -2*f = w*h - 60. Calculate the highest common divisor of f and 10.
10
Let g(a) = 10*a - 45. Let x be g(4). Let f = x - -50. Calculate the highest common factor of f and 180.
45
Let g = 15 - 20. Let q(f) = f**2 + f + 10. Let u be q(g). What is the greatest common divisor of u and 6?
6
Suppose -20 = -5*y, -y = -3*r + 4*y + 376. Let g(n) = n**3 - 29*n**2 - 94*n - 52. Let w be g(32). Calculate the greatest common factor of w and r.
12
Let o be (-31)/(-3) + (-4)/12. Let r be (-63)/(-4) + o/40. Calculate the greatest common divisor of r and 144.
16
Let t = -13 + 19. Calculate the greatest common divisor of 582 and t.
6
Suppose -4*c + 0*y + 5*y = -460, 5*c = -4*y + 616. Let t = -28 - -43. Calculate the greatest common factor of c and t.
15
Suppose 3*w = 4*w - k - 250, 0 = 2*w + 3*k - 475. Suppose -5*c + w = 4*r + 9, 4*r + 52 = c. Calculate the highest common factor of 72 and c.
24
Let h be (-1 - 6/(-9)) + (-200)/(-15). Suppose 5*o = 1396 - 356. Calculate the greatest common factor of o and h.
13
Let o = -949 - -1534. What is the greatest common factor of o and 45?
45
Let m = 344 + -284. Calculate the highest common divisor of m and 6.
6
Suppose -15 = -2*s - s, -z + 10 = 2*s. Suppose z*g - 250 = -5*g. Let j(k) = 21*k**2 + 2*k + 1. Let u be j(-1). What is the greatest common factor of g and u?
10
Let h = -114 - -25. Let a = h + 184. Calculate the greatest common factor of a and 19.
19
Let l be -1*6/(-2) + (-18)/6. Let r be 2 - 5 - (-36)/(1 - l). What is the highest common factor of 297 and r?
33
Let c be 4*(62/(-217) - 267/(-28)). What is the highest common divisor of 1739 and c?
37
Let p be 80/6*(-540)/(-450). What is the highest common divisor of p and 536?
8
Suppose 0 = -3*v + 4*p + 279, p + 95 = v - p. Let a = -149 + v. Let x = a + 108. Calculate the greatest common factor of x and 6.
6
Let k(s) = -3*s - 10. Let g be k(-5). Let b be 110/(-10)*5*-1. Calculate the highest common divisor of b and g.
5
Let w = 1296 + -702. What is the greatest common factor of w and 54?
54
Let u(t) = -t**2 + 46*t - 4. Let g be u(16). Calculate the highest common divisor of g and 136.
68
Let m(n) = -3*n + 36. Let s be m(-20). Suppose -s = -3*o + 4*x, 4*o + 2*x = -o + 186. Calculate the greatest common factor of 90 and o.
18
Let a be (-10)/(-4 - (-2 + 0)). Let b be a*1/5*2. Suppose 4*q + 5*u = 35, q - b*u + 16 = 3*q. Calculate the greatest common divisor of 5 and q.
5
Suppose -9*b + 224 = -b. Let z(y) = 21*y**2 + y + 1. Let r be z(-1). Calculate the greatest common divisor of r and b.
7
Suppose -t - 16456 = -45*t. Calculate the greatest common factor of t and 34.
34
Let s = 171 + 186. What is the highest common factor of s and 63?
21
Let x be 660/(-18)*108/(-90). What is the highest common divisor of 638 and x?
22
Let c = -28 - -13. Let b = c - -10. Let x be 1*29 - (-5)/b. What is the highest common factor of x and 42?
14
Suppose -39 = 3*r - 2*r + 3*d, -4*r - 2*d = 106. Let p = 60 + r. Calculate the highest common factor of 12 and p.
12
Suppose 5*q = -3625 + 1275. Suppose 1449 = -4*c + 185. Let g = c - q. What is the highest common divisor of g and 22?
22
Suppose 0 = r + 2*f - 192, -2*r - 16*f + 17*f = -399. What is the greatest common factor of r and 528?
66
Suppose -2*s = -2, 13 = 4*h - 3*h + 4*s. Calculate the greatest common divisor of 288 and h.
9
Suppose -4*t - 500 = -9*t. Suppose -5*g = 2*o - 7, -3*o - 2*o + t = -4*g. Suppose 3*h + 30 = 150. What is the greatest common factor of h and o?
8
Let w = 1838 + -1255. What is the highest common divisor of 44 and w?
11
Let k = 150 + -126. Calculate the highest common divisor of k and 216.
24
Suppose 339*d - 359*d + 14840 = 0. What is the highest common divisor of 636 and d?
106
Suppose g = -2*w + 2*g + 146, -2*w = g - 154. Suppose -14*l - 123 + 473 = 0. What is the greatest common divisor of l and w?
25
Suppose 3*c - 22 = -7. Suppose f - 3*j = -j + 42, c*j - 129 = -4*f. Suppose 4*d = 8 + 8. Calculate the greatest common divisor of f and d.
4
Let c(q) = 2*q + 21. Let y be c(-6). Let m be 2/(-2) + (5 + -3)*1. What is the greatest common divisor of y and m?
1
Let p be 32/5 + (-12)/30. Let n = -40 - -31. Let x = p - n. What is the greatest common factor of 6 and x?
3
Let v(t) = 2*t**3 - 17*t**2 + 9*t + 2. Suppose 33 = 4*n - y, -2*n + 4 + 8 = 4*y. Let m be v(n). Calculate the highest common divisor of m and 15.
5
Let d(c) = 4*c - 2. Let t(g) = -g. Let x(z) = 2*d(z) + 6*t(z). Let b be x(4). Suppose 126 = b*s - 2*s. What is the greatest common divisor of 42 and s?
21
Let g be (-1)/2*(19 - 27). Let n be 1/(-6)*g*(-146 - 1). What is the highest common factor of n and 147?
49
Let u be -26*((-315)/14)/15. What is the